{"id":37,"date":"2025-04-24T08:58:08","date_gmt":"2025-04-24T06:58:08","guid":{"rendered":"https:\/\/beskid.com.pl\/?page_id=37"},"modified":"2025-04-24T08:58:08","modified_gmt":"2025-04-24T06:58:08","slug":"o-nas","status":"publish","type":"page","link":"https:\/\/beskid.com.pl\/?page_id=37","title":{"rendered":"O nas"},"content":{"rendered":"\n<h2 class=\"wp-block-heading\"><strong>Tradycja, do\u015bwiadczenie, rozw\u00f3j \u2013 od lat 50. XX wieku<\/strong><\/h2>\n\n\n\n<p>Nasza firma to przyk\u0142ad, jak z szacunku do historii i potrzeb ludzi mo\u017ce narodzi\u0107 si\u0119 nowoczesne przedsi\u0119biorstwo, dzia\u0142aj\u0105ce z sukcesem na rynku krajowym i zagranicznym.<\/p>\n\n\n\n<h2 class=\"wp-block-heading\"><strong>Pocz\u0105tki z misj\u0105 spo\u0142eczn\u0105<\/strong><\/h2>\n\n\n\n<p>Historia naszej dzia\u0142alno\u015bci si\u0119ga lat 50. XX wieku, kiedy to firma funkcjonowa\u0142a jako <strong>sp\u00f3\u0142dzielnia inwalid\u00f3w<\/strong>, wspieraj\u0105ca osoby poszkodowane podczas II wojny \u015bwiatowej. Produkowali\u015bmy w\u00f3wczas materia\u0142y i wyposa\u017cenie ortopedyczne \u2013 z my\u015bl\u0105 o rehabilitacji i poprawie komfortu \u017cycia ludzi.<\/p>\n\n\n\n<h2 class=\"wp-block-heading\"><strong>Rozw\u00f3j i zmiana profilu dzia\u0142alno\u015bci<\/strong><\/h2>\n\n\n\n<p>W latach 70. odpowiedzieli\u015bmy na rosn\u0105ce potrzeby rynku i <strong>rozszerzyli\u015bmy dzia\u0142alno\u015b\u0107 o produkcj\u0119 tektur i opakowa\u0144<\/strong>. By\u0142 to prze\u0142omowy moment, kt\u00f3ry zapocz\u0105tkowa\u0142 nasz\u0105 obecn\u0105 specjalizacj\u0119.<\/p>\n\n\n\n<p>W roku <strong>2001 przekszta\u0142cili\u015bmy si\u0119 w Sp\u00f3\u0142k\u0119 z ograniczon\u0105 odpowiedzialno\u015bci\u0105<\/strong>, co umo\u017cliwi\u0142o dalszy rozw\u00f3j i profesjonalizacj\u0119 dzia\u0142alno\u015bci. Od <strong>2003 roku<\/strong> nasza siedziba mie\u015bci si\u0119 przy <strong>ul. Katowickiej 101<\/strong>, co pozwoli\u0142o nam na rozbudow\u0119 zaplecza produkcyjnego i administracyjnego.<\/p>\n\n\n\n<h2 class=\"wp-block-heading\"><strong>Dzi\u015b \u2013 nowoczesna firma z tradycj\u0105<\/strong><\/h2>\n\n\n\n<p>Obecnie jeste\u015bmy do\u015bwiadczonym producentem <strong>tektur falistych i litych, opakowa\u0144 oraz ich wyposa\u017cenia<\/strong>. \u0141\u0105czymy wieloletnie do\u015bwiadczenie z nowoczesn\u0105 technologi\u0105, realizuj\u0105c zam\u00f3wienia zar\u00f3wno dla klient\u00f3w lokalnych, jak i zagranicznych.<\/p>\n\n\n\n<p>Nasze warto\u015bci pozosta\u0142y niezmienne: <strong>jako\u015b\u0107, rzetelno\u015b\u0107 i odpowiedzialno\u015b\u0107 spo\u0142eczna<\/strong>. To dzi\u0119ki nim mo\u017cemy z dum\u0105 kontynuowa\u0107 dzia\u0142alno\u015b\u0107 zapocz\u0105tkowan\u0105 ponad 70 lat temu.<\/p>\n","protected":false},"excerpt":{"rendered":"<p>Tradycja, do\u015bwiadczenie, rozw\u00f3j \u2013 od lat 50. XX wieku Nasza firma to przyk\u0142ad, jak z szacunku do historii i potrzeb ludzi mo\u017ce narodzi\u0107 si\u0119 nowoczesne przedsi\u0119biorstwo, dzia\u0142aj\u0105ce z sukcesem na rynku krajowym i zagranicznym. Pocz\u0105tki z misj\u0105 spo\u0142eczn\u0105 Historia naszej &hellip; <a href=\"https:\/\/beskid.com.pl\/?page_id=37\">Czytaj dalej <span class=\"meta-nav\">&rarr;<\/span><\/a><\/p>\n","protected":false},"author":1,"featured_media":0,"parent":0,"menu_order":0,"comment_status":"closed","ping_status":"closed","template":"","meta":{"footnotes":""},"class_list":["post-37","page","type-page","status-publish","hentry"],"_links":{"self":[{"href":"https:\/\/beskid.com.pl\/index.php?rest_route=\/wp\/v2\/pages\/37","targetHints":{"allow":["GET"]}}],"collection":[{"href":"https:\/\/beskid.com.pl\/index.php?rest_route=\/wp\/v2\/pages"}],"about":[{"href":"https:\/\/beskid.com.pl\/index.php?rest_route=\/wp\/v2\/types\/page"}],"author":[{"embeddable":true,"href":"https:\/\/beskid.com.pl\/index.php?rest_route=\/wp\/v2\/users\/1"}],"replies":[{"embeddable":true,"href":"https:\/\/beskid.com.pl\/index.php?rest_route=%2Fwp%2Fv2%2Fcomments&post=37"}],"version-history":[{"count":1,"href":"https:\/\/beskid.com.pl\/index.php?rest_route=\/wp\/v2\/pages\/37\/revisions"}],"predecessor-version":[{"id":38,"href":"https:\/\/beskid.com.pl\/index.php?rest_route=\/wp\/v2\/pages\/37\/revisions\/38"}],"wp:attachment":[{"href":"https:\/\/beskid.com.pl\/index.php?rest_route=%2Fwp%2Fv2%2Fmedia&parent=37"}],"curies":[{"name":"wp","href":"https:\/\/api.w.org\/{rel}","templated":true}]}}

<h2 class="wp-block-heading"><strong>Tradycja, doświadczenie, rozwój – od lat 50. XX wieku</strong></h2>



<p>Nasza firma to przykład, jak z szacunku do historii i potrzeb ludzi może narodzić się nowoczesne przedsiębiorstwo, działające z sukcesem na rynku krajowym i zagranicznym.</p>



<h2 class="wp-block-heading"><strong>Początki z misją społeczną</strong></h2>



<p>Historia naszej działalności sięga lat 50. XX wieku, kiedy to firma funkcjonowała jako <strong>spółdzielnia inwalidów</strong>, wspierająca osoby poszkodowane podczas II wojny światowej. Produkowaliśmy wówczas materiały i wyposażenie ortopedyczne – z myślą o rehabilitacji i poprawie komfortu życia ludzi.</p>



<h2 class="wp-block-heading"><strong>Rozwój i zmiana profilu działalności</strong></h2>



<p>W latach 70. odpowiedzieliśmy na rosnące potrzeby rynku i <strong>rozszerzyliśmy działalność o produkcję tektur i opakowań</strong>. Był to przełomowy moment, który zapoczątkował naszą obecną specjalizację.</p>



<p>W roku <strong>2001 przekształciliśmy się w Spółkę z ograniczoną odpowiedzialnością</strong>, co umożliwiło dalszy rozwój i profesjonalizację działalności. Od <strong>2003 roku</strong> nasza siedziba mieści się przy <strong>ul. Katowickiej 101</strong>, co pozwoliło nam na rozbudowę zaplecza produkcyjnego i administracyjnego.</p>



<h2 class="wp-block-heading"><strong>Dziś – nowoczesna firma z tradycją</strong></h2>



<p>Obecnie jesteśmy doświadczonym producentem <strong>tektur falistych i litych, opakowań oraz ich wyposażenia</strong>. Łączymy wieloletnie doświadczenie z nowoczesną technologią, realizując zamówienia zarówno dla klientów lokalnych, jak i zagranicznych.</p>



<p>Nasze wartości pozostały niezmienne: <strong>jakość, rzetelność i odpowiedzialność społeczna</strong>. To dzięki nim możemy z dumą kontynuować działalność zapoczątkowaną ponad 70 lat temu.</p>

<p>Tradycja, doświadczenie, rozwój – od lat 50. XX wieku Nasza firma to przykład, jak z szacunku do historii i potrzeb ludzi może narodzić się nowoczesne przedsiębiorstwo, działające z sukcesem na rynku krajowym i zagranicznym. Początki z misją społeczną Historia naszej &hellip; <a href="https://beskid.com.pl/?page_id=37">Czytaj dalej <span class="meta-nav">&rarr;</span></a></p>
